= 2*x - 4*x + 120. Suppose x*w = 55817 + 14863. List the prime factors of w.
2, 5, 31
Let b = 42 + -39. Suppose -2*a = -1 + b. List the prime factors of (1/4)/a - (-3893)/68.
3, 19
Let p = -126 + 42. Let v = 63 + p. What are the prime factors of (-36)/v + -2 - 996/(-7)?
2, 71
Let u = 40 - -318. Let y = 555 - u. What are the prime factors of y?
197
Let d(a) = -533*a - 140. Let g be d(6). Let j = -1997 - g. List the prime factors of j.
3, 149
Suppose 28 = -4*k, -54*p = -55*p - 2*k + 79652. List the prime factors of p.
2, 61, 653
Let b = 76202 - -8614. What are the prime factors of b?
2, 3, 19, 31
Let g = -8 - -3. Let j(i) = -i**3 - 5*i**2 - 2*i - 2. Let k be j(g). What are the prime factors of -3 - (-22)/k - 429/(-4)?
107
Let k(f) = -4*f**3 + 3*f + 2. Suppose 5*p - 7 = 3, -y + 4*p = 8. Suppose -5*c + h = -3 + 17, y = 3*h - 12. What are the prime factors of k(c)?
2, 7
Suppose -z = -2*t + 67183, z + 29 = 20. What are the prime factors of t?
33587
Suppose 11886*l - 11907*l + 383670 = 0. What are the prime factors of l?
2, 3, 5, 7, 29
Let l = 19687 - -2163. What are the prime factors of l?
2, 5, 19, 23
Suppose 2*g + 5*v - 4*v - 1356 = 0, -4*g - v = -2714. Suppose g = i - 133. List the prime factors of i.
2, 7, 29
Suppose -5*v - j = -3*j + 5480, 4*v = 2*j - 4386. What are the prime factors of -2 + (-21)/(-6) - v/4?
5, 11
Let x = -34 - -39. Suppose -18 + 48 = x*p. List the prime factors of p.
2, 3
Let d(c) be the first derivative of 147*c**4/4 - 2*c**3/3 + 9*c**2/2 - 17*c + 59. What are the prime factors of d(2)?
7, 167
Let z(q) = 85820*q**2 - 2*q - 3. List the prime factors of z(1).
3, 5, 1907
Let l be (-389183)/(-46) - 2/4. Suppose -22*i = -2*i - l. List the prime factors of i.
3, 47
Let n(y) = 44*y**2 - 19*y - 18. Let c be n(-6). Suppose 25*t = 17*t + c. What are the prime factors of t?
2, 3, 5, 7
Let r = 84 + -34. Suppose 3*x = -a + 26, -x + 3*a + 1 + 11 = 0. Suppose -f + x + r = 0. List the prime factors of f.
59
Let g(h) = 37*h + 6. Let b be g(-14). What are the prime factors of 5 + -8 - -3 - b/2?
2
List the prime factors of 22 + 1440/(-66) + (947160/(-33))/(-1).
2, 113, 127
Suppose -t - 32555 = -2*h, -24487 - 56869 = -5*h - 2*t. What are the prime factors of h?
2, 79, 103
Let w(y) = y**3 + 6*y**2 + 11*y + 2. Let l be w(-3). What are the prime factors of l - -1*(791 + 1)?
2, 197
Suppose 590205 + 1427910 = 55*a. List the prime factors of a.
3, 151
Suppose 25067 = 14*h + 5103. Suppose 2*g - c - 1073 = h, 4*c = 3*g - 3751. What are the prime factors of g?
1249
Let l(d) = 39*d**3 + 12*d**2 - 23*d + 74. What are the prime factors of l(6)?
2, 7, 157
Let d(a) = 22*a + 32. Let z(b) = 67*b + 95. Let p(n) = 17*d(n) - 6*z(n). Let i(h) = -28*h - 25. Let t(l) = -4*i(l) + 3*p(l). List the prime factors of t(4).
2, 67
Suppose 2*b + 4*p - 27866 = 2*p, -4*b + 4*p = -55708. What are the prime factors of b?
2, 5, 7, 199
Let y(d) = 346*d - 134. What are the prime factors of y(5)?
2, 3, 7, 19
Let n(o) = -13 + 2*o - 29 - 8. Let v(a) = 8*a - 150. Let r(l) = 10*n(l) - 3*v(l). List the prime factors of r(-18).
2, 11
List the prime factors of -4 - ((-44664)/10 + (-16)/(-40)).
2, 23, 97
Let v(q) = q**3 - 108*q**2 - 45*q + 422. What are the prime factors of v(112)?
2, 3, 2531
List the prime factors of (106764/(-205) + (-4)/(-30))/((-5)/15).
2, 11, 71
What are the prime factors of (-672)/(-504) + (-61886)/(-3)?
2, 5, 2063
Let b = 10302 + -6554. What are the prime factors of b?
2, 937
Suppose 5*a + 14*a - 274738 = 163022. What are the prime factors of a?
2, 3, 5
Let h(q) = q**3 + 9*q**2 - 8*q + 4. Let p be h(-9). Let v(k) = 3*k + p - 43 + 70. List the prime factors of v(0).
103
Let v = 19466 + -11374. List the prime factors of v.
2, 7, 17
Let j(u) = -11*u + 5. Let k be j(6). Let o = -54 - k. List the prime factors of 0/(-2) + 2*o.
2, 7
Let o(t) = -4771*t - 20373. What are the prime factors of o(-15)?
2, 3, 79
Let c(v) = 133*v**2 - 62*v + 464. What are the prime factors of c(6)?
2, 5, 61
Let i(n) = -65*n - 85. Let y be i(-25). Suppose 4*q - 4*x - 1232 = 0, 10*q - 4*x + y = 15*q. What are the prime factors of q?
2, 7, 11
Let n be (12/(-16))/((-6)/16) + 0. Let r(t) = -3*t**3 + 1 - 17*t + t**n + 6*t**2 + 3*t + 4*t**3. List the prime factors of r(-8).
7
Let u(z) = 316*z**2 + 197*z + 60. List the prime factors of u(-7).
5, 2833
Suppose -20*y + 17*y = 3. Let v be ((8 - 1)/7)/(y/(-4)). Suppose -u - z + 48 = 0, -3*z - 71 = -v*u + 128. List the prime factors of u.
7
Let o be 7 + 1 - (-7)/(-7). Suppose o*s - 4*s = 153. List the prime factors of s.
3, 17
Let n be (8 - 6/(-2))/((-1)/15). Let b = -26 - n. Let v = b - 73. List the prime factors of v.
2, 3, 11
Let o = -2771 + 19969. List the prime factors of o.
2, 8599
Let i(q) = 244*q**2 + 30*q + 96. What are the prime factors of i(-6)?
2, 3, 5, 29
Let k(w) = 4*w + 12. Let p be k(-5). Let j(g) = -36*g + 11. Let r(b) = 9*b - 3. Let x(q) = -2*j(q) - 9*r(q). List the prime factors of x(p).
7, 11
Let y(m) = -2*m**3 + 12*m**2 - 105*m - 1886. List the prime factors of y(-23).
23, 59
Let s = -69 + 76. Let v = s - 7. Let f(n) = n**3 - n + 14. What are the prime factors of f(v)?
2, 7
What are the prime factors of (470/(-4))/((-129)/516)?
2, 5, 47
Suppose -4*t = 5*c - 73709, -152*t + 154*t - 36857 = -3*c. What are the prime factors of t?
13, 109
Suppose 8*r = r + 13594. Suppose 0 = -3*o + j + r - 565, -918 = -2*o + 4*j. List the prime factors of o.
3, 17
Let h be -9*(-3 - (-30)/9)/1. List the prime factors of 18/h + ((-25)/5 - -1217).
2, 3, 67
List the prime factors of ((-1)/(-4))/(24/(-10) + 23269337/9695480).
2, 6551
Suppose s + 17*h - 21*h - 8602 = 0, 2*s = 4*h + 17216. What are the prime factors of s?
2, 59, 73
Let f = 102 - 97. Suppose 2*b - 4*n - 1296 = -b, 5*b - f*n - 2165 = 0. Let o = b - 233. List the prime factors of o.
7, 29
Suppose -7*o + 36538 = -9313 + 3235. List the prime factors of o.
2, 761
Let l(n) = -4*n**3 - 16*n**2 + 81*n + 861. List the prime factors of l(-13).
2, 3, 491
Let r(a) = 4*a**2 + 44*a + 1. Let j be r(-11). List the prime factors of 115/(-15)*(j + -16).
5, 23
Let n(w) = 24*w**2 + 4*w + 55. What are the prime factors of n(8)?
3, 541
Suppose 8 - 60 = 13*n. Let g(m) = -7*m**3 - 5*m**2 - 8. What are the prime factors of g(n)?
2, 3, 5
Let i(q) = 35*q**2 - 2*q - 1. Let f(m) = 19*m - 3. Let x be f(-2). Let g = 40 + x. What are the prime factors of i(g)?
2, 3
Let h(t) = -32*t + 36. Suppose 91 - 37 = -9*z. List the prime factors of h(z).
2, 3, 19
Suppose y = -2*d + 4259, 1007 + 3240 = 2*d + 5*y. List the prime factors of d.
2131
Let y(u) = -10*u - 34. Suppose -24 = -17*j + 21*j. Let v be y(j). What are the prime factors of 218/8 + v/(-104)?
3
Let b = -544 + 2149. List the prime factors of b.
3, 5, 107
Let y(o) = 2*o**3 + 21*o**2 - 9*o. Let l(r) = 8*r**3 - r**2 - 4*r - 4. Let k be l(-1). List the prime factors of y(k).
2, 3
Let l(n) = 19*n - 6. Let z be l(-6). Let r = z + 245. Suppose -7 = -3*v + 5, t = 2*v + r. List the prime factors of t.
7, 19
Suppose -2*v + 3*z = 3, -12*z = -7*z - 15. What are the prime factors of ((-2)/12*182)/((-1)/v)?
7, 13
Let f = 21548 - -17956. List the prime factors of f.
2, 3, 823
Let q(i) = 276*i**3 - 15*i**2 + 6*i + 4. List the prime factors of q(3).
41, 179
Let r(k) = 7255*k - 278. What are the prime factors of r(6)?
2, 11, 983
Let o be 5/(-5)*(1 + 4 + -5). Suppose 3*x - 34 + 49 = o, 3*d - 4309 = 5*x. What are the prime factors of d?
2, 3, 7, 17
Suppose -2*x + 44 = 2*w - 0*w, -2*w - 91 = -3*x. Suppose -p = -z - x, -2*p + 5*z = -43 + 1. Suppose i - 18 = p. What are the prime factors of i?
7
Suppose 417*d + 35823 = 4697051 + 9243220. List the prime factors of d.
2, 521
Suppose 10*i = 4*i - 60. Let a be (-7)/(35/i) - 3. List the prime factors of (((-3)/a)/(-3))/((-1)/79).
79
Let v be (-1032)/4*(-6 - -3)/(-6). Let c = 27 - 18. List the prime factors of (1 + v)*c/(-12).
2, 3
Let m(o) = -o + 3. Let s be m(6). Let h be (-1)/s + (-732)/(-18). Let j = 51 - h. List the prime factors of j.
2, 5
Suppose v - 9*v + 13192 = 0. What are the prime factors of v?
17, 97
Let n(h) be the third derivative of h**4/24 - 19*h**3/3 + 45*h**2. Let d be n(19). List the prime factors of (-4)/8*(d + -1).
2, 5
Let r(b) = -436*b + 29. Let w be (28/20 - 10/25)/(-1). What are the prime factors of r(w)?
3, 5, 31
Let o(s) = -s